2165636451?
3, 11, 29, 107, 21149
What are the prime factors of 458987392?
2, 241, 14879
What are the prime factors of 4033462643?
7, 23, 71, 352853
What are the prime factors of 141145287?
3, 59, 151, 5281
List the prime factors of 133523254.
2, 59, 1131553
List the prime factors of 4704785379.
3, 7, 74679133
What are the prime factors of 41339376?
2, 3, 13, 17, 433
List the prime factors of 2134814062.
2, 29, 36807139
What are the prime factors of 674272442?
2, 337136221
List the prime factors of 1968156581.
1968156581
List the prime factors of 1829958216.
2, 3, 197, 387047
What are the prime factors of 581273209?
11, 61, 866279
List the prime factors of 908190498.
2, 3, 4547, 33289
List the prime factors of 4970989294.
2, 37, 233, 288307
List the prime factors of 127805437.
37, 3454201
List the prime factors of 3192377178.
2, 3, 41, 12977143
What are the prime factors of 940970177?
7, 67, 286619
List the prime factors of 692363777.
7, 17, 29, 28661
What are the prime factors of 3106153792?
2, 7, 6933379
What are the prime factors of 310524981?
3, 13, 1693, 4703
What are the prime factors of 57831101?
103, 127, 4421
What are the prime factors of 1242991113?
3, 7, 13, 350237
List the prime factors of 395941246.
2, 197970623
What are the prime factors of 4236181?
31, 136651
What are the prime factors of 2980835804?
2, 745208951
List the prime factors of 225045070.
2, 5, 1907, 11801
What are the prime factors of 160288616?
2, 101, 198377
What are the prime factors of 3904719723?
3, 2239, 64591
List the prime factors of 6997169.
1693, 4133
List the prime factors of 57360921.
3, 59, 324073
List the prime factors of 124660676.
2, 7, 29, 153523
What are the prime factors of 3489564?
2, 3, 13, 22369
What are the prime factors of 133205?
5, 26641
List the prime factors of 12339057.
3, 887, 4637
What are the prime factors of 220416820?
2, 5, 13, 23, 29, 31, 41
List the prime factors of 17631676.
2, 1153, 3823
List the prime factors of 16398431.
7, 2342633
List the prime factors of 97960272.
2, 3, 1259, 1621
What are the prime factors of 485509177?
485509177
List the prime factors of 95774585.
5, 971, 19727
List the prime factors of 198973958.
2, 103, 965893
What are the prime factors of 8900335064?
2, 4787, 232409
List the prime factors of 69661255.
5, 41, 339811
List the prime factors of 59514128.
2, 3719633
What are the prime factors of 711783131?
2273, 313147
What are the prime factors of 935562762?
2, 3, 5821, 8929
What are the prime factors of 280025720?
2, 5, 13, 538511
List the prime factors of 385538143.
385538143
List the prime factors of 104972906.
2, 52486453
List the prime factors of 99448395.
3, 5, 29, 228617
List the prime factors of 1493602450.
2, 5, 89, 335641
What are the prime factors of 54288078?
2, 3, 13, 197, 3533
List the prime factors of 2780831009.
11, 252802819
What are the prime factors of 314194445?
5, 1193, 52673
List the prime factors of 1812550483.
79, 22943677
List the prime factors of 664775517.
3, 7, 41, 772097
List the prime factors of 82659561.
3, 421, 65447
List the prime factors of 22475347.
19, 23, 51431
What are the prime factors of 32411841?
3, 7, 11, 193, 727
What are the prime factors of 102707213?
7, 23, 637933
What are the prime factors of 158120068?
2, 39530017
List the prime factors of 244435277.
1091, 224047
What are the prime factors of 51179604?
2, 3, 7, 131, 4651
What are the prime factors of 638971928?
2, 7, 17, 671189
List the prime factors of 820398100.
2, 5, 151, 54331
List the prime factors of 391135216.
2, 19, 1286629
List the prime factors of 2513004615.
3, 5, 11, 31, 79, 691
What are the prime factors of 151383494?
2, 75691747
What are the prime factors of 181883648?
2, 710483
What are the prime factors of 2383088271?
3, 17, 107, 229, 1907
List the prime factors of 48009727.
48009727
What are the prime factors of 169360430?
2, 5, 257, 65899
List the prime factors of 65124339.
3, 7, 23, 109, 1237
List the prime factors of 3694537945.
5, 7, 4909, 21503
List the prime factors of 353261236.
2, 101, 874409
List the prime factors of 156405484.
2, 39101371
List the prime factors of 4004904791.
1889, 2120119
What are the prime factors of 19886065?
5, 19, 209327
What are the prime factors of 8666765?
5, 1733353
What are the prime factors of 793664610?
2, 3, 5, 26455487
What are the prime factors of 8459394330?
2, 3, 5, 3323, 84857
List the prime factors of 212499335.
5, 43, 79, 12511
List the prime factors of 1419111537.
3, 691, 684569
List the prime factors of 27594794.
2, 13797397
What are the prime factors of 46528099?
17, 2736947
What are the prime factors of 407802896?
2, 25487681
What are the prime factors of 4056467444?
2, 17, 97, 101, 6089
What are the prime factors of 240211412?
2, 7, 61, 140639
List the prime factors of 1020755997.
3, 113417333
What are the prime factors of 61658482?
2, 193, 159737
List the prime factors of 619903310.
2, 5, 13, 19, 113, 2221
List the prime factors of 103968588.
2, 3, 113, 76673
What are the prime factors of 969126978?
2, 3, 161521163
List the prime factors of 117995992.
2, 313, 47123
List the prime factors of 1343299671.
3, 7, 3046031
List the prime factors of 544721932.
2, 1097, 124139
List the prime factors of 345365149.
17, 1193, 17029
What are the prime factors of 136913565?
3, 5, 883, 10337
List the prime factors of 1520352914.
2, 760176457
List the prime factors of 3951188197.
11, 61, 89, 109, 607
List the prime factors of 494921345.
5, 521, 189989
What are the prime factors of 2615205241?
11, 5563, 42737
List the prime factors of 906819192.
2, 3, 31, 135427
List the prime factors of 127511013.
3, 7, 103, 167, 353
List the prime factors of 563850924.
2, 3, 7, 13, 39719
What are the prime factors of 189640329?
3, 113, 587, 953
What are the prime factors of 36716492?
2, 53, 173191
List the prime factors of 821349762.
2, 3, 107, 1279361
What are the prime factors of 57058744?
2, 1579, 4517
List the prime factors of 2164139964.
2, 3, 7, 29, 98711
What are the prime factors of 60033187?
60033187
List the prime factors of 72866958.
2, 3, 12144493
What are the prime factors of 33079702?
2, 37, 41, 10903
What are the prime factors of 225888791?
73, 277, 11171
List the prime factors of 34307968.
2, 109, 2459
What are the prime factors of 40291517?
7, 5755931
List the prime factors of 5196164746.
2, 2063, 1259371
List the prime factors of 216977836.
2, 54244459
What are the prime factors of 125202702?
2, 3, 20867117
What are the prime factors of 89462394?
2, 3, 7, 26297
List the prime factors of 1259900313.
3, 7, 59995253
What are the prime factors of 1968420789?
3, 113, 1935517
List the prime factors of 14265199.
13, 1097323
What are the prime factors of 6160496?
2, 41, 9391
What are the prime factors of 194736063?
3, 3967, 16363
List the prime factors of 5208321020.
2, 5, 7, 23, 41, 39451
What are the prime factors of 22396725?
3, 5, 13, 19, 31
What are the prime factors of 1899859982?
2, 949929991
List the prime factors of 66529337.
7, 1259, 7549
What are the prime factors of 624338865?
3, 5, 83, 167159
What are the prime factors of 50974457?
50974457
What are the prime factors of 181637357?
11, 2719, 6073
List the prime factors of 2958149899.
23, 128615213
What are the prime factors of 87883291?
263, 334157
What are the prime factors of 804752117?
13, 29, 2134621
List the prime factors of 807699642.
2, 3, 134616607
List the prime factors of 98449139.
1009, 97571
What are the prime factors of 26269192?
2, 41, 283
List the prime factors of 4198810889.
7, 13, 83, 569, 977
List the prime factors of 314936795.
5, 257, 245087
What are the prime factors of 4807214914?
2, 653, 3680869
List the prime factors of 681911455.
5, 97, 593, 2371
List the prime factors of 580502236.
2, 43, 739, 4567
List the prime factors of 360969184.
2, 11280287
List the prime factors of 31029983.
19, 1633157
What are the prime factors of 941599216?
2, 58849951
List the prime factors of 21821913.
3, 769, 1051
What are the prime factors of 50486591?
19, 2657189
What are the prime factors of 25874632?
2, 7, 23, 20089
List the prime factors of 248549621.
19, 13081559
What are the prime factors of 764767165?
5, 152953433
List the prime factors of 655952914.
2, 29, 59, 67, 2861
List the prim